digit of m(v)?
1
Let l be (-3)/(-2)*24/9. Suppose 4*q = 13 + 7, 0 = l*s + 2*q - 2150. What is the hundreds digit of s?
5
Let w = -5690 - -8220. What is the hundreds digit of w?
5
Let u(y) = -3297*y + 594. What is the units digit of u(-2)?
8
Let y(k) = -4002*k + 1687. What is the tens digit of y(-5)?
9
Let i(m) = -11*m + 38. Let u be i(3). Suppose -u*k - 1460 = -5*s, s + 2*s = -k + 856. What is the tens digit of s?
8
Suppose q = -b - 1 + 3, -4*q = -2*b - 2. Let l be 3 - 0 - ((b - 1) + 1). What is the tens digit of ((-85)/(-10))/(l/12)?
5
Let p(x) = -4*x**2 - 22*x - 11. Let z(l) = 3*l**2 + 20*l + 10. Let g(o) = 4*p(o) + 5*z(o). What is the tens digit of g(7)?
4
Let g be 106 + 22/12 + (-6)/(-36). Suppose -6*x + 3*x = g. What is the units digit of (63/x)/((-1)/28)?
9
Suppose 7 + 18 = 5*t. Suppose 0 = -t*f + 2*f + 117. What is the tens digit of f?
3
Let c(m) = m + 173. Let r(g) = 4*g + 36. Let v be r(-9). Suppose -5*u + 24 = -5*q - 1, -4*u - 2*q - 10 = v. What is the hundreds digit of c(u)?
1
Suppose 6*n + 18 = 5*n + 5*g, -18 = n - 3*g. Let u(r) = -8*r - 23. What is the tens digit of u(n)?
2
Let u = -830 - -1201. Suppose -2*j + u = -405. What is the units digit of j?
8
Let u be 1/(-4) - (-77)/(-28). Let d(s) = -19*s - 18. Let c(o) = 18*o + 18. Let m(g) = u*d(g) - 4*c(g). What is the units digit of m(-5)?
7
What is the thousands digit of 1/2*(26819 + -13)/13?
1
Let l(g) = -g**3 + g**2 - 11*g - 20. Let j be l(-5). Let k = 370 - j. What is the hundreds digit of k?
1
Let c(f) = -7*f**2 - 2*f - 6. Let v(t) = -2*t**2 + 0*t**2 + t**2. Let s(i) = -c(i) + 3*v(i). What is the hundreds digit of s(5)?
1
Let l = -59 - -50. Let s = l + 14. Suppose 0 = -2*v + 3*h + 22, -v - 2 = s*h - 0. What is the units digit of v?
8
Let n = -42 - -42. What is the hundreds digit of (1114 + 1)/5 - n?
2
Suppose 172*c = 175*c - 23595. Suppose c = 13*q - 0*q. What is the tens digit of q?
0
What is the units digit of (-3)/6 - (6 + -2)*25257/(-8)?
8
Let o(s) = 81*s**2 - 18*s - 122. What is the hundreds digit of o(-15)?
3
Let a(r) = 1520*r**3 - r**2 + 8*r - 24. What is the thousands digit of a(2)?
2
Let z(o) = -o**3 + 9*o**2 + 3*o - 4. Let g be z(9). Suppose b + g - 25 = 0. Suppose 2*f - 144 = 2*n, 0 = -2*f + b*n + n + 145. What is the tens digit of f?
7
Suppose -19*o = -24*o. Suppose 5*q + o*b = -4*b + 19, b = q - 11. Suppose -44 = -q*k + 523. What is the tens digit of k?
8
Let i be ((-2)/17 - 621/(-1377))*414. Suppose -148*y + i*y = -2600. What is the hundreds digit of y?
2
Suppose 4*c + 1746 = -o + 11335, 0 = -3*c + 3*o + 7218. What is the thousands digit of c?
2
Let q(p) = 3*p - 7. Let z(s) = -9*s + 21. Let y(c) = -11*q(c) - 4*z(c). Let l be y(2). What is the units digit of (-2 + -1)*(l + -17)?
4
Let h = -3 + 7. Let d = -136 - -149. Let w = d + h. What is the tens digit of w?
1
Suppose c - 78731 = -3*x, x + 8*c - 6*c = 26257. What is the hundreds digit of x?
2
Let y(m) = -2*m**3 + 8*m**2 - 103*m + 431. What is the units digit of y(4)?
9
Suppose -631 = 8*n - 647. Suppose -13*f + n*f = -11583. What is the tens digit of f?
5
Let r(g) = 219*g**2 + 13*g + 7. Let h(d) = -438*d**2 - 26*d - 11. Let x(i) = 2*h(i) + 5*r(i). What is the units digit of x(-1)?
9
Suppose 0 = -5*w + 25, -13*d - 4*w = -10*d - 41. Suppose -g = 5*y - 296, -1452 = 2*g - d*g + 3*y. What is the tens digit of g?
9
Suppose 0 = 8*b - 39 - 1. Let c be 4 - ((-5)/b - 419). Let h = c - 293. What is the units digit of h?
1
Let d = 91 - 88. Suppose 0*x = x - d, -c + 4*x = -389. Suppose 0*b + c = 2*b + k, 206 = b - 5*k. What is the units digit of b?
1
Suppose n + 8 + 16 = 0. Let q = -17 - n. Suppose 0 = -q*z + 2*z + 240. What is the units digit of z?
8
Let g = -185 - -191. What is the tens digit of 1 + (-6510)/(-8) - g/(-24)?
1
Let q = 67405 - 27261. What is the thousands digit of q?
0
Suppose -566 = -z + 154. Suppose z = -4*x + 3868. What is the tens digit of x?
8
Let j = 6484 - 4536. Let l = 3336 - j. What is the units digit of l?
8
Suppose 4*g + 4*t - 32 = 0, 2*g + 3*t + 2*t = 31. Let n be 5*(g*34 - 0). Suppose -3*v + 3*d = -n, 155 = v - 0*d + 2*d. What is the tens digit of v?
6
Suppose -76 = -3*j + 251. Let w = 17 + j. What is the units digit of w?
6
Let w = -34 + 36. Suppose 0 = w*a - 7*a + 10. Suppose -g - 2*v = 8, -a*g + 5*v = v - 24. What is the units digit of g?
2
Let r be 1*(-15)/(-3) + -24. What is the units digit of (-64)/(-608) + (-14172)/r?
6
Suppose 15*u = 877 + 218. Let l be 2/7 - (-8110)/35. Let q = l - u. What is the units digit of q?
9
What is the tens digit of (-3441)/(-3) + 12/(-120)*0?
4
Suppose 27*k = -66 + 444. Suppose 976 - 20086 = -k*o. What is the hundreds digit of o?
3
Let k(v) = -v**2 + 3*v - 2. Let z be k(4). Let u(a) = a**2 + 24 + 6 - 23 + 3*a + 23. What is the tens digit of u(z)?
4
What is the units digit of 220315*13/65 + -23?
0
Suppose -115 - 221 = 6*y. Let g = -1 - y. Suppose g = 2*r - 139. What is the tens digit of r?
9
Let x be (-98)/16 - (-1)/8. Let u(h) = -3*h**3 - 9*h**2 - 19*h - 3. What is the tens digit of u(x)?
3
Suppose -4*c = -5*h + 43318, -2*h + h - 11*c + 8699 = 0. What is the thousands digit of h?
8
What is the ten thousands digit of 2135/3416 - 3/(48/(-331990))?
2
What is the thousands digit of (-2 - -4) + (2 - (3 + -5)) + 22694?
2
Let j be ((-8)/(-3) + (0 - 3))*3. Let m(d) = 27*d**2 - 5*d - 3. What is the tens digit of m(j)?
2
Let o = -1110 - -3078. Let j = -745 + o. What is the units digit of j?
3
Suppose -5*j + 223 = -x + 2*x, j = 5*x - 1063. Let g be -1 + (-1 - 1) + x + 0. Suppose -15*w + g = -0*w. What is the tens digit of w?
1
Let r(k) = -4*k**3 - 29*k**2 - 9*k + 3. Let s be r(-8). Suppose 4*o - 4*m = 488, 5*o - s - 350 = -2*m. What is the hundreds digit of o?
1
Let w = 430 + 342. Suppose -4*z + 11 = -1. Suppose -z*x = x - w. What is the tens digit of x?
9
Let c(v) be the third derivative of 23*v**4/6 - 25*v**3/6 + 10*v**2. What is the hundreds digit of c(5)?
4
Suppose 4*p + 16 = 44. Suppose 0 = -p*f + 58 - 163. Let z = 123 - f. What is the units digit of z?
8
Let g(v) be the first derivative of -19*v**2/2 - 50*v - 1. Suppose -h = 3*o + 34, o + 18 = 42*h - 39*h. What is the tens digit of g(o)?
7
Suppose 5*r - 5142 = 6*n + 2260, -5*r + 7396 = -3*n. What is the thousands digit of r?
1
Let n(x) = x**2 - 6*x + 4. Let l be n(5). Let q(z) = 88*z + 12. Let r(h) = -30*h - 4. Let a(u) = 2*q(u) + 7*r(u). What is the tens digit of a(l)?
3
Let v be (1 + 2 - 6)/(3/(-2328)). Let q = -1622 + v. What is the units digit of q?
6
Let f be 13/(13/(-18)) + 4. Let n(u) = u + 12. Let d be n(f). What is the units digit of ((-1)/d)/(11/88)?
4
Suppose -45393 = -3282*d + 3270*d + 143175. What is the tens digit of d?
1
Let i = 2656 - -2347. What is the units digit of i?
3
What is the tens digit of ((-110520)/50)/(3*(-6)/60)?
6
Suppose 2*g - 16044 = -5*p, -20*g - p = -24*g + 32132. What is the tens digit of g?
3
Let c(y) = -37*y - 5. Let d(q) = -74*q - 11. Let v(i) = -5*c(i) + 3*d(i). Let k be v(3). Let h = -50 - k. What is the tens digit of h?
6
Suppose 2*m - 3201 = 5*i, -8*i = -7*i - 1. Let r = m - 341. What is the thousands digit of r?
1
Let j(g) = 4*g**2 - 8*g - 16. Let f be j(4). What is the hundreds digit of 5/(-75)*-6*f*20?
1
Let w(j) = j**3 + 16*j**2 + 15*j + 5. Let b(l) = -l**3 - 15*l**2 - 15*l - 4. Let s(z) = 3*b(z) + 2*w(z). What is the tens digit of s(-13)?
9
Let n = 56 + 48. Suppose 7*s = 11*s - n. Let x = s + -14. What is the units digit of x?
2
Let m = 156 + -153. What is the units digit of (448/(-16))/(1/(-2)) - m?
3
Suppose -874*h - 67431 = -881*h. What is the hundreds digit of h?
6
Let h(c) = 4*c + 106. Let p be h(-21). Suppose -19*r = -p*r + 1065. What is the tens digit of r?
5
Let a = 211 + -139. Let z = 410 + a. What is the tens digit of z?
8
Let f = 69 - 66. Suppose 6*n - 5*c + 135 = 4*n, f*n = -c - 177. What is the tens digit of 101/4 + (n/(-16) - 3)?
2
Let v = -273 - -483. Let p = 596 - v. What is the tens digit of p?
8
Let m be (1/2)/((-7)/28). Suppose -2*x + 10 = -4*x, -4*k - x = 1. What is the units digit of k*(0 + 1 + m)*-11?
1
Let f = -5739 + 12398. What is the thousands digit of f?
6
Suppose 5*d + 8*d + 455 = 0. Let t(p) = p**2 + 4*p - 194. What is the hundreds digit of t(d)?
8
Let p(x) = -2*x**3 - 16*x**2 - 3*x + 6. Let n be p(-8). What is the hundreds digit of (-6)/n